 l be s(-4). What is i(l)?
0
Let y = 19 + -17. Let m be 4/(6*2/6). Let s(x) = -y + x**3 + 5*x - 2*x - m*x - 4*x**2 + x. What is s(2)?
-6
Let j(k) = 2*k**2 - 3*k - 7. Suppose -3*n + 7*n - 4 = 0. Let z(q) = q**2 + q - 1. Let c(w) = n*j(w) - 3*z(w). Let i = 100498 + -100503. What is c(i)?
1
Let s(p) = 5*p**2 + 2*p - 1. Let q be s(1). Suppose f - 8 = -3*i, -3*f + 3 = i - 5. Let z(y) = -2*y**3 + 2*y**3 - i*y - 5*y**2 + 0*y**2 - y**3 - q. Give z(-5).
4
Let f(n) = -2*n**2 - 87 + n - n**3 + 0*n**3 + 5*n**2 + 96. Let j be f(0). Let r(m) = -m - 4 - 7*m + j*m - m**2. Give r(3).
-10
Let m(w) be the second derivative of -w**3/6 - 91*w**2/2 - 13147*w. What is m(-15)?
-76
Let g = 797 + -789. Suppose 2*n - 6*n - d + g = 0, 4*d = 3*n - 25. Let k(i) be the first derivative of i**4/4 - i**3 + i**2/2 + i - 1. Give k(n).
4
Suppose -3*z + 3*k = 2*z - 10, 3*k = -5*z - 20. Let y = -589 - -592. Let g(u) = -2*u**2 - 832 + y*u**2 - 2*u**2 + 831 - 2*u - 7*u**2. What is g(z)?
-7
Let o(y) be the second derivative of -y**4/12 - 29*y**3/3 + 765*y**2/2 - 303*y. Determine o(11).
6
Let d(l) = -l**2 + 20*l - 23. Let z be 1/(-22)*-4 - 7*(-2934)/1386. Determine d(z).
52
Suppose 16 = -2*v + 12. Let r be -4*(-3)/6 + v - 1. Let x(o) be the third derivative of o**4/24 + 3*o**2. What is x(r)?
-1
Let i(h) = 9*h**3 - 175*h - 174. Let r be i(-1). Let f(y) = y**2 + 13*y + 33. Calculate f(r).
-7
Let b = 5 - -2. Let a(i) = -10 + 28*i - 27*i + 2 + 10 - 6. Calculate a(b).
3
Let g be ((-3)/9)/(1/(-15)). Let d(q) = -4*q**2 + 17*q + 20. Let b(h) = -3*h**2 + 12*h + 15. Let x(j) = -7*b(j) + 5*d(j). What is x(g)?
25
Let u(y) be the first derivative of y**4/4 + 2*y**3/3 - 7*y**2/2 - 11*y + 16091. Calculate u(-3).
1
Let r(p) = p**3 - p**2 - 1. Let k(f) = f**3 - 5*f**2 - f - 7. Let u = -264 - -258. Let v(j) = u*r(j) + k(j). Calculate v(-1).
6
Let a(c) be the third derivative of 1/4*c**4 + 1/3*c**3 + 0*c + 65*c**2 + 0. Let i(q) = q**3 - 6*q**2 + 2*q - 9. Let r be i(6). Calculate a(r).
20
Let u(h) = -2*h**2 - 3*h - 4. Let q(b) = b**2 - 20 + 19 - b**2 + b**2. Let s(m) = 5*m**2 - 6. Let j(p) = 6*q(p) - s(p). Let l(n) = 3*j(n) + u(n). Give l(-3).
14
Let z(a) = a**2 - 13*a + 2. Suppose 9*y = -38*y - 190 + 754. Give z(y).
-10
Let q(w) = -w**3 + 12*w**2 - 10*w - 13. Suppose 4*h = -4*l + 600, -2*l + 0*h + 292 = -2*h. Suppose 142*z - l*z = -66. Give q(z).
-2
Let r(i) be the second derivative of i**2 + 1/6*i**3 + 0 - 18*i. Let y = -163 + 159. What is r(y)?
-2
Let c(d) = -d**3 - 3*d**2 - 4*d - 6. Let y be 1/11 + 204/(-66). Determine c(y).
6
Let n(v) = -v**3 - 5*v**2 - 2*v + 5. Let i = -372 - -383. Suppose r - f + 1 = 0, -i*r = -14*r - 2*f - 18. Calculate n(r).
-3
Let w(p) be the second derivative of -46*p - 11/6*p**4 + 1/2*p**2 + 0 - 1/3*p**3. Calculate w(1).
-23
Let l(t) = -15*t**2 - t - 1. Let q(p) = -89*p**2 - 16*p - 14. Let i(k) = 6*l(k) - q(k). Give i(9).
17
Let i = -197780 - -197781. Let l(j) be the third derivative of 5*j**4/24 + j**2. What is l(i)?
5
Let d = 8386 - 8386. Let k(r) = -51*r. Determine k(d).
0
Let b = -71 - -64. Let a(s) = -30*s - 15 + 8*s + 21*s. Determine a(b).
-8
Suppose 5*m = -2*b + 5, 0 = m + 5*b + 27 - 5. Let q be (-2)/(-6) - (-23)/m. Let p(a) be the first derivative of a**2/2 - 15*a - 61278. What is p(q)?
-7
Let s(k) = 7*k**3 + 21*k**2 - 37*k - 64. Let d(w) = 11*w**3 + 31*w**2 - 56*w - 98. Let y(t) = 5*d(t) - 8*s(t). Calculate y(-14).
-6
Let k = -387 + 391. Suppose 3*t + k*x + 4 = 2*t, 4*t + 37 = 5*x. Let p(o) = -5*o - 36. Give p(t).
4
Let z(c) = -c**2 + 10*c - 15. Let j be (-1)/(-2)*0 - (-14 - -3). What is z(j)?
-26
Let v = -81 + 84. Let i(m) = -2*m**2 + m**2 + 8*m**3 - 4*m + m**3 - 3 - 8*m**v. Let z = 1 + -3. What is i(z)?
-7
Suppose 100*z - 155*z + 1925 = 0. Let w(u) = -5*u + 164. Calculate w(z).
-11
Let v be 10*(-6)/(-8)*(-15 + 1). Let k be (-5)/((-25)/v)*8/(-6). Suppose -123*z + 119*z + k = 0. Let m(i) = -i - 7. Determine m(z).
-14
Suppose 955 - 920 = -7*n. Let y(k) = 11*k - 12. Give y(n).
-67
Let i(c) = c**3 - 12*c**2 + 9*c - 16. Suppose 0 = -h - 4*t - 17, 1021*t = h + 1019*t - 25. Give i(h).
-38
Let g(a) be the third derivative of a**5/6 - a**4/24 + a**3/6 + 2*a**2 - 3*a - 2. Let p be 1/3 - (-4)/6. Determine g(p).
10
Let j = -828 + 853. Suppose -10 = -2*f + 11*x - 8*x, 5*f = -4*x + j. Let c(u) = u - 4. Determine c(f).
1
Let a(m) = -m**3 - 2*m**2 - 2*m + 2. Suppose 5*w + 4*n - 4 = 0, 0 = 5*w + 293*n - 292*n - 1. Calculate a(w).
2
Let a(x) = -x**2 + 37*x. Let i(g) = -g**2 + 59*g. Let r(c) = -3*a(c) + 2*i(c). Calculate r(-6).
-6
Let m(s) = s**2 - 19*s + 24. Let c = -687 + 687. Suppose 49*l - 50*l + 17 = c. Give m(l).
-10
Let y(h) = 16*h**2 + 4*h - 24. Let x(n) = 7*n**2 + n - 12. Let k(u) = -9*x(u) + 4*y(u). Let m be 123/(-15) + (-2)/(-20)*2. Determine k(m).
20
Let s(i) be the first derivative of 1/2*i**2 + 5/3*i**3 + 73 + 1/4*i**4 - i. Suppose -4*k + 7 = -3*y, 0*k + k + 12 = -2*y. Determine s(y).
-6
Let y(g) be the second derivative of -g**4/6 - 2*g**3/3 + 1096*g. Give y(-6).
-48
Let r(y) = 8*y + 3. Let w(b) = 82*b + 57. Let v(z) = 10*r(z) - w(z). Suppose -2*q = l + 2*l + 36, -4*l - 64 = 4*q. Determine v(q).
-3
Let n = 3412 - 3415. Let w(s) be the second derivative of s**5/20 + s**4/12 - 2*s**3/3 - s**2 + 2*s. Determine w(n).
-8
Suppose 2*i - 17*r + 26 = -12*r, -3*i + 30 = 4*r. Let q(s) = -32*s + 13. Let f(o) = 8*o - 3. Let z(k) = 9*f(k) + 2*q(k). Determine z(i).
15
Let t(i) = 3*i**2. Let o(w) = -w**3 - 4*w**2 - 3*w - 10. Let v be o(-4). Let u(k) = -3*k**2 + 7*k**2 - 1 - 7*k**v. Let j(q) = -3*t(q) - 2*u(q). Determine j(2).
-10
Let f(n) = n**2 - 21*n - 20. Let l = -2524 + 2546. Calculate f(l).
2
Let s(a) = a**2 + 4*a + 8. Let k be s(-7). Let u be (-21)/(-2)*(-6)/9. Let f be (-4)/(-28) + k/u. Let d(v) = -2*v - 3. Determine d(f).
5
Suppose -20*b = -624 - 816. Let k(q) = -74 - 6*q**2 - q**3 + 141 - b + 5*q. Calculate k(-7).
9
Let t(f) = 2*f**2 + 30*f + 15. Let o(v) = -7. Let q(p) = 2*o(p) - t(p). What is q(-14)?
-1
Let f(w) = -4*w - 9. Let t(v) = 99*v + 204. Let k(x) = -24*f(x) - t(x). Give k(-7).
33
Let t(c) be the second derivative of c**5/60 + c**4/12 - 9*c**2/2 + 2*c. Let f(h) be the first derivative of t(h). Let x = 128 + -132. Give f(x).
8
Let y(t) = 28*t + 1. Let j be (-10)/(-20)*(16/(-7) + (-6)/(-21)). Give y(j).
-27
Let f be ((-42)/12 - -2)/(9/(-60)). Let t(y) = 30*y + 19. Let b(a) = 9*a + 6. Let w(z) = -7*b(z) + 2*t(z). What is w(f)?
-34
Let q = 10890 - 10898. Let c(y) = y**3 + y**2 - 52*y + 26. Calculate c(q).
-6
Let g(z) = -z**2 - 2*z. Suppose 0 = -17*y + 16*y + 2*j + 12, 0 = -y + 3*j + 17. Let p be ((-7)/(-14))/(y/(-12)). Determine g(p).
-3
Let f(t) = -6*t - 90. Suppose -z = -34*j + 33*j + 17, -3*j = 3*z + 57. Determine f(z).
18
Let s(i) = i - 9. Let y(z) = z**3 + 11*z**2 + 16*z + 62. Let p be y(-10). What is s(p)?
-7
Let l be (2 - 5) + 29/((-58)/(-12)). Let j(w) be the second derivative of 7/2*w**2 + 1/6*w**l + 29*w + 0 - 1/12*w**4. What is j(0)?
7
Let w(g) = -g**2 - 11*g - 7. Let q be ((-2 - 0/(-2)) + 5)*63. Let o = -196 + q. Determine w(o).
21
Let k(n) be the second derivative of n**6/720 - n**5/120 - n**4/3 - 3*n**2 + 7*n - 1. Let m(c) be the third derivative of k(c). Calculate m(2).
1
Let t be 712/6 + 2/6. Let j be 5/35 - (-6069)/49. Let s = j - t. Let w(v) = -v**3 + 5*v**2 + v - 4. Determine w(s).
1
Let j(q) = -1240 + 2559 - q**3 + q - 6*q - 9*q**2 - 1288. What is j(-7)?
-32
Suppose -29*w - 414 = 1964. Let s = -75 - w. Let d(u) = u**3 - 7*u**2 - u + 9. What is d(s)?
2
Let h be 22/55 - (-14)/140. Let p(z) be the first derivative of -2*z - 3 + z**3 - 1/4*z**4 + h*z**2. What is p(3)?
1
Let z(r) = -156*r - 211*r - 44 + 372*r. Calculate z(7).
-9
Let b(i) = i. Let h(c) = 2*c - 2. Let g(v) = b(v) - h(v). Let l(u) = -u**3 + 7*u**2 - 2*u + 32. Let j be l(9). Let s = j - -155. Calculate g(s).
-5
Let w be (38 - 39)*(-1 + (-12)/1). Let a(b) = b**3 - 12*b**2 - 14*b + 31. Give a(w).
18
Let d(u) = -9*u + 1. Let s(j) = -19*j + 2. Let h(m) = -5*d(m) + 3*s(m). Let x = -715 - -714. Give h(x).
13
Let m(a) be the first derivative of -a**4/4 + a**3/3 - a**2/2 - 29*a + 9119. Calculate m(0).
-29
Let y be (3 + 0)*(-25)/15. Let t(f) = -f**3 - 12*f**2 + 4*f + 1. Let j(x) = x**3 + 13*x**2 - 3*x - 2. Let l(w) = y*t(w) - 4*j(w). What is l(-9)?
-6
Let v(q) = q**2 + 12*q - 9. Let p be v(-13). L